
Suppose -21*z = -20*z + q - 3643, 0 = -4*q - 8. Calculate the highest common divisor of z and 225.
45
Suppose 9083 - 5183 = 25*f. What is the highest common divisor of f and 15132?
156
Let v(k) = -7*k**3 + 4*k**2 - k + 2. Let m be v(-4). Suppose 37*b - 379*b + 2973 = -1815. Calculate the highest common divisor of m and b.
14
Let a = -835 + 1297. Calculate the greatest common factor of a and 1353.
33
Let d = 317 + -552. Let r = d - -465. What is the highest common divisor of r and 20?
10
Suppose 3*g = 5*x - 291, 3*g + 86 - 395 = -5*x. Let h = 15 + -34. Let d = h + 39. What is the greatest common divisor of d and x?
20
Suppose -5*k + 6455 = -5*c, -8*c - 3876 = -3*k - 4*c. What is the highest common divisor of 2737 and k?
161
Suppose 59*f = 274 + 906. Suppose 2*y - c - 138 = 0, -c - 214 = -3*y - 3*c. Calculate the highest common divisor of y and f.
10
Let p = 40181 - 39969. What is the greatest common divisor of p and 436?
4
Let k = -9 + 15. Let v(w) = w**3 + 13*w**2 + 16*w - 6. Let o be v(-8). Calculate the greatest common factor of o and k.
6
Let r be (-2)/(-2) + (3 - -2)/5. Suppose 161 = 3*m + y - 108, 5*m + r*y = 448. Calculate the highest common divisor of 60 and m.
30
Let k be 139 - (-12)/(168/(-182)). Let r be 3*(1 + 64/6). What is the highest common divisor of k and r?
7
Let l(v) = 5*v**2 - v. Let j be l(-3). Let s be (-4)/10 + -6 + (-320)/(-50). Suppose s = -94*o + 34*o + 1440. What is the greatest common factor of o and j?
24
Suppose -405*k + 28 = -409*k, 5*s + 2*k = 13861. What is the highest common divisor of s and 225?
75
Let r = 1082 - 758. Suppose 36*h - 35*h - 47 = -5*j, 14*h - 5*j = 133. Calculate the highest common divisor of h and r.
12
Suppose 0 = -794*d + 842*d - 288. Calculate the highest common factor of d and 3345.
3
Let c(f) = -f**2 - 18*f - 45. Let n be c(-15). Suppose n = -2*j + 84 + 92. Calculate the greatest common divisor of j and 8.
8
Suppose -4*w = -134 - 26. Let d(r) = -978*r + 6228. Let l be d(6). What is the highest common factor of w and l?
40
Let g(u) = -292*u - 2298. Let c be g(-8). Calculate the highest common factor of 5776 and c.
38
Let j(k) = k**2 + 23*k + 26. Let s be j(-13). Let x = 62 - s. Suppose 0 = -5*r + 104 + x. What is the greatest common divisor of r and 27?
27
Let h be ((-192)/(-60))/(8/330). Calculate the highest common factor of h and 2156.
44
Suppose -91345 = -165*m + 70355. What is the greatest common factor of 260 and m?
20
Let x be ((-324)/90)/(4/(-430)). What is the greatest common factor of 144 and x?
9
Suppose -81*p - 71*p = -15960. What is the greatest common divisor of 210 and p?
105
Let d(c) = 35*c + 763. Let m be d(-17). What is the greatest common divisor of 798 and m?
42
Suppose -46880 = -31*w - 8130. Calculate the greatest common factor of w and 500.
250
Let y = -1736 - -1743. Suppose -180 = -5*u + 775. Suppose 3*g - y*g + 298 = 2*c, 3*g - 5*c = u. Calculate the greatest common divisor of g and 8.
8
Let u = 0 + 4. Let b = -472 + 473. Let d(i) = 53*i - 21. Let g be d(b). What is the greatest common divisor of u and g?
4
Let s(a) = 561*a - 597. Let x be s(6). Calculate the greatest common factor of 78 and x.
39
Let b = 11710 - 11455. Calculate the greatest common divisor of 6205 and b.
85
Suppose -4*p + 152 = -40. Let w = 7252 - 7255. Let q be (-64)/p - 106/w. What is the highest common factor of 306 and q?
34
Let s = -3 - -9. Let z be s/18 - (-29)/3. Let m = z + -1. Calculate the highest common divisor of 1 and m.
1
Let d(p) = p**2 - 9*p + 34. Let q be d(7). Suppose 52 = i + q. What is the highest common factor of i and 352?
32
Let w = -66 + 207. Let p = w - -97. Calculate the greatest common factor of 14 and p.
14
Suppose 3*q - 258 = -3*q. Suppose -118 = -5*o + 97. Calculate the highest common factor of q and o.
43
Suppose 2*s + 3*s = 15, -2*c = -s - 85. Calculate the highest common divisor of c and 1892.
44
Let o = 582 - 537. Suppose 0 = r + 4*j - 26, -13 = -2*r - j + 25. What is the greatest common factor of o and r?
9
Suppose -126906 = -4*y + k, -5*k = 3*y - 79969 - 15176. Calculate the greatest common factor of 9 and y.
9
Let r = 941 + -461. Let o = -318 + r. Calculate the greatest common divisor of 9 and o.
9
Let o = 2775 - 1965. What is the highest common divisor of o and 60?
30
Suppose 624 + 76 = -4*q + 9*q. Calculate the highest common factor of 1880 and q.
20
Let y be (-3)/(-6) - (-382)/4. Suppose 0 = 6*b + 2*b - y. Let m = -64 - -112. Calculate the highest common factor of b and m.
12
Suppose x - 19*x = -18. Let z be (-602)/(-126) + 4/18. Suppose -a + z = -0*a. Calculate the highest common factor of x and a.
1
Let g be ((-6)/(-15))/(168/14644) - (-4)/30. Calculate the greatest common divisor of g and 1920.
5
Suppose -97 = 6*l + 395. Let t = -84 - l. Let s be t/4 - 820/(-40). What is the highest common divisor of s and 40?
20
Suppose 42 = 220*u - 161*u - 194. What is the highest common divisor of 1696 and u?
4
Let s(a) = -16*a - 23. Let i be (5/(-15)*3)/(1/3). Let v be s(i). Calculate the highest common divisor of v and 275.
25
Suppose -4*x - 1408 = -15*x. Suppose -3*f - x = -5*f - 5*z, 0 = 2*f - 3*z - 96. Suppose -f*i + 60 = -50*i. What is the highest common divisor of i and 105?
15
Suppose 0 = -5*s + 6 + 4. Suppose 18 - s = 4*p. Let r(o) = 539*o - 3729. Let d be r(7). What is the highest common factor of d and p?
4
Let n(s) = -7*s - 216. Let l be n(-32). Let m = -12 + 12. Let c be 5 + m + 2 + 1. What is the greatest common divisor of c and l?
8
Suppose -4*b + 11 + 25 = 0. Let u(k) = -9*k - 9. Let j be u(-15). What is the highest common divisor of b and j?
9
Suppose c + c + 4*o = 100, 2*o = -4*c + 206. Let w = 742 + -716. What is the highest common factor of c and w?
26
Suppose 5*a = 4*l - 40 - 9, -3*l - 2*a + 54 = 0. Let y(o) = -3*o**2 + 3*o - 2. Let k be y(3). Let b = k + 24. What is the greatest common factor of l and b?
4
Let j be (0 - 0 - 12/(-9))/(10/675). Calculate the greatest common factor of j and 5634.
18
Let w(x) = 3*x**2 - 10*x + 9. Let r be w(3). Suppose -75 + 291 = r*d. What is the highest common divisor of 648 and d?
36
Suppose 0 = -6*p + 220 + 110. Suppose -4*k - 3*r + p = -18, 0 = -2*k - 3*r + 29. Calculate the greatest common divisor of 143 and k.
11
Suppose 26*z - 967 = 1139. What is the greatest common factor of z and 24?
3
Suppose 5*v + 2*i - 169 = -0*i, -4*v = 3*i - 131. Suppose -8*r - 1400 = -28*r - 50*r. What is the greatest common factor of r and v?
5
Suppose 1064 = u + 5*h, 2*u - 110*h - 2084 = -109*h. What is the greatest common factor of u and 232?
116
Suppose 0 = 4*k + f + 2620, 0*k + 1965 = -3*k - f. Let x = k - -722. What is the greatest common divisor of x and 67?
67
Suppose 4*i = -3*z + 15, -5*i + 3 = -3*z + 18. Let p(m) = m**3 - m**2 + 3*m + 22. Let t be p(i). Calculate the highest common divisor of t and 682.
22
Let u(w) = 6*w + 68 + 2*w**2 - 62 + 3*w**2. Let k be u(-2). Calculate the highest common factor of 4 and k.
2
Let a be 0 + (3 - (-7 + 5)). Suppose 0 = -2*n + a*n - 6. Suppose -n*x + 99 - 85 = 0. Calculate the greatest common factor of 63 and x.
7
Suppose -p = 2, -6 = -0*y - 2*y + p. Suppose -12 = -y*j - 0*j. Let g be 390/15 - (-5 - (-21 + 5)). Calculate the greatest common factor of j and g.
3
Let s(p) = 26 + 44 - 59 - 2*p**3 + 4*p + 14 - 7*p**2 + 11. Let x be s(-5). What is the highest common factor of 52 and x?
13
Let g be (-56)/35*(-5 + (-140)/8). Calculate the greatest common factor of 492 and g.
12
Suppose -6101 + 48597 = 166*p. Calculate the greatest common factor of p and 464.
16
Suppose -3*j - 308 = -i, -3*j + 0*j - 9 = 0. Suppose -5*a + 2*h = h - 109, 0 = -h + 6. What is the greatest common divisor of a and i?
23
Let u be (-245)/(-13) + -2 - 10/(-520)*8. Calculate the highest common factor of 1598 and u.
17
Suppose -14*l + 16 = 408. Let k be (-2226)/(-49) + 12/l. Calculate the highest common factor of k and 15.
15
Suppose 5*p - 18*h - 368 = 0, 0 = 2*h + 16 - 4. What is the highest common divisor of p and 73476?
52
Let i be 3/(-4) - 303/(-4). Let t = i - 45. Let a be 6/(-4)*5*-14. Calculate the greatest common factor of t and a.
15
Let c(z) = 4508*z**2 - 8*z - 11. Let w be c(-2). Calculate the greatest common divisor of w and 85.
17
Let i(q) = -1709*q + 94000. Let n be i(55). Let u be ((-10)/6 - 0)*-159. What is